{"id":1619,"date":"2014-03-13T06:58:45","date_gmt":"2014-03-13T06:58:45","guid":{"rendered":"https:\/\/demo.bulldogproject.eu\/contact-alt\/"},"modified":"2022-08-25T01:29:26","modified_gmt":"2022-08-25T01:29:26","slug":"contact-alt","status":"publish","type":"page","link":"https:\/\/dorgisproject.eu\/pt-pt\/contact-alt\/","title":{"rendered":"Contato"},"content":{"rendered":"<p>[vc_row][vc_column width=&#8221;1\/3&#8243;][vc_widget_sidebar sidebar_id=&#8221;grve-sidebar-4&#8243;][\/vc_column][vc_column width=&#8221;2\/3&#8243;]<h4 class=\"grve-element grve-align-left grve-title-no-line\" style=\"\">Vamos entrar em contato<\/h4>[vc_column_text]<\/p>\n<h4 class=\"module-h2\"><span id=\"dnn_ctr11598_View_lblName\">Associa\u00e7\u00e3o de Futebol de Bragan\u00e7a<\/span><\/h4>\n<p>Rua Fern\u00e3o Lopes, n\u00ba 7,<\/p>\n<p>5300-675 PORTUGAL<\/p>\n<p><a href=\"https:\/\/afbraganca.fpf.pt\/\">https:\/\/afbraganca.fpf.pt\/<\/a>[\/vc_column_text]<div class=\"grve-element grve-map\" data-marker=\"https:\/\/dorgisproject.eu\/wp-content\/themes\/reload\/images\/markers\/markers.png\" data-lat=\"41.78389688227557\" data-lng=\"-6.776087375660755\" data-zoom=\"14\" style=\"height: 300px;\"><\/div>[\/vc_column][\/vc_row][vc_row opacity_overlay=&#8221;10&#8243; footer_feature=&#8221;yes&#8221; bg_color=&#8221;#24d1c4&#8243; font_color=&#8221;#ffffff&#8221; padding_top=&#8221;40&#8243; padding_bottom=&#8221;40&#8243;][vc_column]<div class=\"grve-element grve-callout grve-style-2\" style=\"\">  <div class=\"grve-callout-content\">    <span class=\"grve-callout-title\">Como estamos? Gostar\u00edamos do seu Feedback!<\/span><a class=\"grve-btn grve-btn-extrasmall grve-primary\" href=\"https:\/\/afbraganca.fpf.pt\/Contactos\"  target=\"_blank\" style=\"\"><span>Button<\/span><\/a>  <\/div><\/div>[\/vc_column][\/vc_row]<\/p>\n","protected":false},"excerpt":{"rendered":"<p>[vc_row][vc_column width=&#8221;1\/3&#8243;][vc_widget_sidebar sidebar_id=&#8221;grve-sidebar-4&#8243;][\/vc_column][vc_column width=&#8221;2\/3&#8243;][vc_column_text] Associa\u00e7\u00e3o de Futebol de Bragan\u00e7a Rua Fern\u00e3o Lopes, n\u00ba 7, 5300-675 PORTUGAL https:\/\/afbraganca.fpf.pt\/[\/vc_column_text][\/vc_column][\/vc_row][vc_row opacity_overlay=&#8221;10&#8243; footer_feature=&#8221;yes&#8221; bg_color=&#8221;#24d1c4&#8243; font_color=&#8221;#ffffff&#8221; padding_top=&#8221;40&#8243; padding_bottom=&#8221;40&#8243;][vc_column][\/vc_column][\/vc_row]<\/p>\n","protected":false},"author":2,"featured_media":0,"parent":0,"menu_order":0,"comment_status":"open","ping_status":"open","template":"","meta":{"_themeisle_gutenberg_block_has_review":false,"footnotes":""},"class_list":["post-1619","page","type-page","status-publish","hentry"],"_links":{"self":[{"href":"https:\/\/dorgisproject.eu\/pt-pt\/wp-json\/wp\/v2\/pages\/1619","targetHints":{"allow":["GET"]}}],"collection":[{"href":"https:\/\/dorgisproject.eu\/pt-pt\/wp-json\/wp\/v2\/pages"}],"about":[{"href":"https:\/\/dorgisproject.eu\/pt-pt\/wp-json\/wp\/v2\/types\/page"}],"author":[{"embeddable":true,"href":"https:\/\/dorgisproject.eu\/pt-pt\/wp-json\/wp\/v2\/users\/2"}],"replies":[{"embeddable":true,"href":"https:\/\/dorgisproject.eu\/pt-pt\/wp-json\/wp\/v2\/comments?post=1619"}],"version-history":[{"count":10,"href":"https:\/\/dorgisproject.eu\/pt-pt\/wp-json\/wp\/v2\/pages\/1619\/revisions"}],"predecessor-version":[{"id":3992,"href":"https:\/\/dorgisproject.eu\/pt-pt\/wp-json\/wp\/v2\/pages\/1619\/revisions\/3992"}],"wp:attachment":[{"href":"https:\/\/dorgisproject.eu\/pt-pt\/wp-json\/wp\/v2\/media?parent=1619"}],"curies":[{"name":"wp","href":"https:\/\/api.w.org\/{rel}","templated":true}]}}

<p>[vc_row][vc_column width=&#8221;1/3&#8243;][vc_widget_sidebar sidebar_id=&#8221;grve-sidebar-4&#8243;][/vc_column][vc_column width=&#8221;2/3&#8243;]<h4 class="grve-element grve-align-left grve-title-no-line" style="">Vamos entrar em contato</h4>[vc_column_text]</p>
<h4 class="module-h2"><span id="dnn_ctr11598_View_lblName">Associação de Futebol de Bragança</span></h4>
<p>Rua Fernão Lopes, nº 7,</p>
<p>5300-675 PORTUGAL</p>
<p><a href="https://afbraganca.fpf.pt/">https://afbraganca.fpf.pt/</a>[/vc_column_text]<div class="grve-element grve-map" data-marker="https://dorgisproject.eu/wp-content/themes/reload/images/markers/markers.png" data-lat="41.78389688227557" data-lng="-6.776087375660755" data-zoom="14" style="height: 300px;"></div>[/vc_column][/vc_row][vc_row opacity_overlay=&#8221;10&#8243; footer_feature=&#8221;yes&#8221; bg_color=&#8221;#24d1c4&#8243; font_color=&#8221;#ffffff&#8221; padding_top=&#8221;40&#8243; padding_bottom=&#8221;40&#8243;][vc_column]<div class="grve-element grve-callout grve-style-2" style="">  <div class="grve-callout-content">    <span class="grve-callout-title">Como estamos? Gostaríamos do seu Feedback!</span><a class="grve-btn grve-btn-extrasmall grve-primary" href="https://afbraganca.fpf.pt/Contactos"  target="_blank" style=""><span>Button</span></a>  </div></div>[/vc_column][/vc_row]</p>

<p>[vc_row][vc_column width=&#8221;1/3&#8243;][vc_widget_sidebar sidebar_id=&#8221;grve-sidebar-4&#8243;][/vc_column][vc_column width=&#8221;2/3&#8243;][vc_column_text] Associação de Futebol de Bragança Rua Fernão Lopes, nº 7, 5300-675 PORTUGAL https://afbraganca.fpf.pt/[/vc_column_text][/vc_column][/vc_row][vc_row opacity_overlay=&#8221;10&#8243; footer_feature=&#8221;yes&#8221; bg_color=&#8221;#24d1c4&#8243; font_color=&#8221;#ffffff&#8221; padding_top=&#8221;40&#8243; padding_bottom=&#8221;40&#8243;][vc_column][/vc_column][/vc_row]</p>
